Let g = -732 - -727. Let h(p) = -p**3 - 5*p**2 - 2*p - 11. Calculate h(g).
-1
Let t(y) be the first derivative of -y**2/2 - 11*y - 1. Let w be 10 + 220/(-20) - 5. What is t(w)?
-5
Suppose -m + 14*m = 136 - 19. Let k(c) = c**3 - 9*c**2 - 9*c - 3. What is k(m)?
-84
Let d(b) be the second derivative of b**6/120 + b**5/12 + b**4/12 + b**3/2 - 44*b**2 - b - 22. Let z(h) be the first derivative of d(h). Give z(-5).
-7
Let a(u) = 4*u - 3. Let p be (-9)/(-4) + 8/(-32). Let v(m) = -12 + 18 + m - 7. Let o(f) = p*v(f) - a(f). What is o(-4)?
9
Let n = 13 + -8. Let f(q) = 3*q - 2. Let l(v) = v - 3. Let u(o) = -2*o + 16. Let p(x) = -6*l(x) - u(x). Let t(k) = -5*f(k) - 4*p(k). Determine t(n).
7
Suppose 0 = -28*k + 1992 - 5912. Let v = 147 + k. Let w(f) = 2*f - 23. Calculate w(v).
-9
Let q(n) = -n**2 + 6*n + 13. Suppose 96*z = 93*z - 24. Let y be ((-28)/z)/(12/24). Determine q(y).
6
Let m(g) = 2*g**2 + 4*g - 3. Suppose 6*r - r = -h + 9, -5*h = 5. Calculate m(r).
13
Let g(f) = 8*f - 10. Let i = -17961 - -17953. Determine g(i).
-74
Let z = -10955 + 10963. Let q(w) = -6*w + 1. Let u(y) = 11*y - 3. Let v(x) = 7*q(x) + 4*u(x). Calculate v(z).
11
Let v(r) = 16*r**2 - 212*r + 36. Let b be v(13). Let o(y) be the first derivative of y**4/4 + 5*y**3 - 17*y**2/2 - 14*y + 2. Calculate o(b).
2
Suppose 5*u + f + 24 - 30 = 0, f = -4*u + 6. Let l(p) be the third derivative of 1/24*p**4 + u*p + 0 + 2/3*p**3 - p**2. Determine l(-5).
-1
Let x(h) be the third derivative of -h**6/40 + h**5/20 - h**4/12 + h**3/6 + 2*h**2. Let m be 8 + (3/(-4))/(486/48 + -10). What is x(m)?
-15
Let h(b) = -b**3 - 8*b**2 - 6*b + 8. Suppose v - 15 = -5*u, 0*v = 4*u + 2*v - 18. Suppose -4*a + u*q - 36 = 0, -2*q = 3*a - q + 17. Determine h(a).
1
Suppose 26*z - 7 = 25*z. Let h(i) = -7*i - 13*i - 1 - z*i + 29*i. Determine h(-2).
-5
Let d(g) = 3 - 4*g + 1 - 5*g. Suppose 29*p - 69 = -40*p. Let h be d(p). Let i(z) = 3*z + 2. Calculate i(h).
-13
Let t(b) be the third derivative of b**5/15 - 11*b**4/24 + 9*b**3/2 - 2*b**2 - 4*b - 10. Give t(3).
30
Let p(b) = -5*b**2 - 3*b - 3. Let v(w) = -3*w**2 - w - 1. Let x(h) = -2*p(h) + 5*v(h). Suppose 0 = 5*a - 3*l - 16, 5*a - 5*l + 135 - 165 = 0. Calculate x(a).
-5
Let g(v) be the third derivative of 47*v**4/24 + 7*v**3/6 - 2*v**2 + 116*v. Let d(h) = -8*h. Let n(p) = 6*d(p) + g(p). Give n(8).
-1
Let g(a) = 3*a - 16. Let k = -11301 - -11311. What is g(k)?
14
Let w = 3 + -3. Suppose w = 2*g - 7 + 19. Let d(m) = 159*m - 13 + 52*m - 212*m. Determine d(g).
-7
Let p(o) be the second derivative of -7*o**3/3 + 9*o**2 - 5380*o. What is p(5)?
-52
Let h(u) = u - 4 + 0*u + u**2 - 9. Let l(b) = b**2 - 29*b - 168. Let x be l(34). Let a be (3 - x)*(19 - 19). What is h(a)?
-13
Let n(z) = 33*z + 1. Let l(s) = 82*s + 153. Let p(b) = -l(b) + 2*n(b). What is p(-9)?
-7
Let n(h) be the second derivative of -27*h + 1/3*h**3 + 9/2*h**2 + 0. What is n(-6)?
-3
Let v(d) = -3*d**2 + 1. Let x be v(1). Let r(h) = -h**3 + h**2 + 2*h + 13. Let m be r(0). Let t(z) = -2*z + 12 - 5 - m*z - 9. Give t(x).
28
Let h(a) = -a**2 + 4*a + 4. Let l(m) = 261*m - 11 - 129*m - 130*m - 2*m**3 + 16*m**2. Let d be l(8). Calculate h(d).
-1
Let g(b) = b**3 + 24*b**2 - 43*b + 23. Let r(f) = 4*f**3 + 91*f**2 - 166*f + 91. Let u(z) = -23*g(z) + 6*r(z). Give u(6).
-25
Let p(g) = 12*g**2 - 6*g + 18. Let a(q) = -q**3 + 97*q**2 - 47*q + 147. Let y(f) = 2*a(f) - 17*p(f). What is y(-6)?
12
Let f(z) = z**2 + z - 3. Let o(u) be the second derivative of -u**4/6 - 3*u**3/2 - 7*u**2/2 - 89*u - 1. Let l(w) = 3*f(w) + o(w). Give l(8).
0
Let c(s) be the first derivative of 6*s**2 - 6*s - 2005. Give c(-6).
-78
Let u(w) = w**2 + 8*w + 128. Let f be 0*(-2)/8*(-17 - (-165)/10). What is u(f)?
128
Let i(t) be the second derivative of t**4/6 + t**3 + 3*t**2/2 + 85*t - 1. Let x(s) = s**3 - 9*s**2 + 10*s - 18. Let w be x(8). Give i(w).
-1
Let a(h) be the first derivative of h**3 - 3*h**2/2 + 6*h + 367. Calculate a(5).
66
Let i be ((-1920)/(-100))/(-12)*(-165)/12. Let u(p) = -p**3 + 21*p**2 + 27*p - 101. Give u(i).
9
Let b(v) = 6*v - 71*v - 7 + 35*v + 29*v. Determine b(-4).
-3
Let u(y) = -2*y**2 + 4*y - 1. Suppose -5*x - 5*s = -485, 5*s - 194 = -2*x - 0*x. Suppose 0 = 4*o + 2*j + 126, 253 = -5*o - j + x. Let z = o - -34. Give u(z).
-7
Let u(k) = -2*k**3 + 2*k**2 + 2*k - 2. Let z be ((-3 - -11) + -2)/(12/8). Suppose 16*n + 20 = 12*n, 3*c - z = 2*n. Give u(c).
18
Let a(h) = 12*h - 150. Let p be a(13). Let x(r) = -6*r - 34. Give x(p).
-70
Let s(n) = n**2 + 10*n + 5. Let y = 10230 + -10224. What is s(y)?
101
Suppose 0 = 14*j - 6*j + 112. Let m(w) be the second derivative of -w**5/20 - 5*w**4/4 - 5*w**3/2 - 11*w**2/2 + 72*w + 4. Determine m(j).
3
Let r(s) = -15*s + 12. Let m(y) = 548*y**2 - 3837*y + 5. Let t be m(7). Give r(t).
42
Let l(o) = 63 - 119 - 28*o + 16*o + 15*o. Calculate l(17).
-5
Let u(l) = -4*l**2 - 2*l - 5 - 87*l**3 + 86*l**3 - l. Let w = 91 - 95. What is u(w)?
7
Let v = -11 - -17. Let b(u) = 5*u**2 - u - 4. Let w(z) = 9*z**2 - 3*z - 8. Let r(c) = v*w(c) - 11*b(c). Let n be -13 + 10 + (-6)/3. Calculate r(n).
6
Let d(n) = n**3 + 1. Let k(x) = -2*x**3 + 2*x**2 - 5*x - 7. Let r be (16/(-8))/(8/(-6) - -2). Let w(u) = r*d(u) - k(u). What is w(-4)?
16
Let z(a) be the second derivative of -2*a**2 + 1/6*a**3 + 12*a + 0. Suppose -24*w = -19*w + 15. Give z(w).
-7
Let v(y) be the second derivative of y**6/120 + y**5/20 + y**4/8 + y**3/3 - 16*y**2 - 5*y + 16. Let z(k) be the first derivative of v(k). Calculate z(-2).
0
Let r(o) = o**2 - o + 1. Let h(p) = -3*p**2 - p + 2. Suppose -2*w - 3*w - 16 = 4*b, 5*b - 9 = w. Let v(c) = w*r(c) - h(c). Calculate v(7).
-20
Let u(v) = v**3 + 3*v**2 + 10*v - 27. Let i(y) = -2*y**3 - 2*y**2 - 19*y + 52. Let d(x) = 3*i(x) + 7*u(x). Determine d(-14).
-19
Suppose -3*b + 2 + 4 = 3*u, 0 = -u + b + 6. Let q = -391 - -402. Suppose 2*w + u*p = p + q, -3*p = w - 7. Let g(k) = -3*k + 1. What is g(w)?
-11
Let l(k) = -8*k - 1. Let h(g) = 56*g + 68. Let w(b) = -h(b) - 3*l(b). Give w(-2).
-1
Suppose 2*f + 15 = 3*f - 3*z, -4*z = 3*f + 7. Let y(p) = -5*p - 3. What is y(f)?
-18
Let j(g) be the first derivative of -g**6/360 + g**5/20 - g**4/8 + 2*g**3 - 13*g + 340. Let l(n) be the third derivative of j(n). Give l(7).
-10
Let u(m) be the first derivative of -m**5/20 + 11*m**4/12 + 11*m**3/6 + 8*m**2 + 23*m - 33. Let s(c) be the first derivative of u(c). Give s(12).
4
Let j(n) be the second derivative of -2*n**5 - n**4/6 - n**3/6 + 1527*n - 2. Determine j(-1).
39
Let k = -86 + 102. Let z = k + -8. Let j = z + -12. Let r(x) = 3*x - 2. What is r(j)?
-14
Suppose w - 20 = 3*t, -5*t + 2*t - 2*w = 32. Let k be 6/(-36)*-6 + t. Let d(x) = -x**2 - x + 9. Give d(k).
-33
Let n(g) = 3*g - 154. Let m(w) = -5*w + 130. Let b(s) = -4*m(s) - 3*n(s). Give b(6).
8
Suppose -20*z = -2*z - 73*z + 385. Let i(s) = 66*s - 459. Calculate i(z).
3
Let z(c) = c**3 + 18*c**2 - 19*c + 4. Let d(o) = o**3 + 2*o**2 + 7*o - 5. Let p be d(-2). Let t be z(p). Let h(g) = -g**2 + 4*g + 2. Give h(t).
2
Let u(i) = -i**2 + i + 7. Let h(k) = -k**2 + k + 9. Let a(w) = 4*h(w) - 5*u(w). Suppose -3*v - 3 = -2*c + 1, v = 0. Calculate a(c).
3
Let g(r) be the first derivative of -2/3*r**3 + 2*r + 1/2*r**2 - 17. Determine g(2).
-4
Let g(k) = k**3 + 8*k**2 - k + 22. Let s = -26341 - -26335. Calculate g(s).
100
Let a(k) = 2*k**2 - 3*k + 1. Let o be (12/14)/(396/924). Determine a(o).
3
Let d(z) = -z**3 + z**2 + 4*z + 5. Let x be 28/(-10) + (-390)/(-50) + -7. Calculate d(x).
9
Let h(m) = -m - 43. Let q = -1566 - -1581. Calculate h(q).
-58
Let w(n) be the third derivative of -n**5/60 - n**4/3 + 47*n**3/3 - 6*n**2 - 3*n. Let d(i) be the first derivative of w(i). What is d(-4)?
0
Let l(w) = -107*w - 770. Let m be l(-7). Let z(n) = n**3 + 23*n**2 + 40*n - 34. Determine z(m).
8
Let q be (-1 + -7)*(-75)/(-5)*-3. Let u be (q/(-48))/(0 + 3/(-2)). Let p(j) = -j**3 + 4*j**2 + 8*j - 4. Calculate p(u).
11
Let d(p) = -33 - 14 + 27 + 4*p + 22 - 6*p. Let f = 0 - 1. Let t be -2 - 1 - f/(-1). What is d(t)?
10
Let f(h) = -4*h. Suppose -2*j - 4 = 5*v, -v - 2*v = 12. Suppose 4*k - 12*k + j = 0. Give f(k).
-4
Let r(s) = 2*s**2 - 50*s - 40. Suppose -8*i - 1353 - 1247 = -2808. Calculate r(i).
12
Let w(l) = l - 9. Let n = -40 + 45. Suppose 3*d + 0 = f - 3, 4*f - n*d = 5. What is w(f)?
-9
Suppose b + 4 = 0, -